Suppose b*m - 57 = -2*d, -8 = 4*m - 28. Suppose -d = -2*f + 262. What is the tens digit of f?
3
Suppose 0 = -93*b + 97*b - 14092. What is the tens digit of b?
2
Suppose -144*o = -374017 - 2802911. What is the tens digit of o?
6
Let i = -231 - -357. Suppose -94 = -5*z + i. Suppose -z*t - 640 = -49*t. What is the units digit of t?
8
Let n(b) = b**2 - 23*b + 10. Let o(s) = -8*s + 3. Let t(x) = 4*n(x) - 11*o(x). Let u = -44 - -40. What is the units digit of t(u)?
7
Let q(c) = -c**2 + 15*c - 11. Let v(f) = -13*f + 38. Let a be v(9). Let h = -66 - a. What is the tens digit of q(h)?
1
Suppose -3*k = -o - 2, -2*k + 0*k = o + 2. Suppose k = 7*y - 23 - 12. Suppose -101 = -w - y*f, 5*f - 105 - 77 = -2*w. What is the tens digit of w?
8
Suppose -8*j + 448 = -12*j. What is the tens digit of (-1 - 139/5)*1400/j?
6
Suppose 6*v = 7*v. Suppose 9*q - 3*q + 0*q = v. Suppose 4*y + 2 - 82 = q. What is the units digit of y?
0
Let y = 68336 + -39434. What is the units digit of y?
2
Suppose f - 75 = -90. What is the units digit of (f/40*-268)/(2/4)?
1
Suppose 26798750 = 633*s - 83*s. What is the ten thousands digit of s?
4
Suppose -2*q = -6*q + 3*y - 601, 3*q + 456 = 4*y. Let c = 226 + q. Suppose -t + c = -25. What is the tens digit of t?
0
Let b(o) = 9*o**2 - o + 99. Let s be b(-13). Let u = s + -925. What is the hundreds digit of u?
7
Let m = 42 + -40. Suppose 0 = 3*q - m + 2. Suppose w + 29 = 3*b - q*w, b - 7 = 3*w. What is the units digit of b?
0
Let o = -22889 + 38239. What is the ten thousands digit of o?
1
Suppose 2*f + 3*i - 2990 = f, 0 = -5*f + 2*i + 15018. What is the tens digit of f?
0
Let s = 5961 - 2113. Suppose 0*r = 13*r - s. What is the units digit of r?
6
Let y(z) be the second derivative of z**5/20 + 4*z**4/3 + 13*z**3/6 + 11*z**2 - 171*z. What is the tens digit of y(-10)?
9
Let x = 4260 + -2252. Suppose -3*t + x = -140. Suppose -4 = 4*j, 2*j - j = 5*h - t. What is the hundreds digit of h?
1
Let p = 8874 - 1607. What is the tens digit of p?
6
Let h = -9747 + 17686. What is the tens digit of h?
3
Let f be 473 - -1 - 42/(-13 - -19). Suppose q - 650 = -q. Let i = f - q. What is the hundreds digit of i?
1
Let s(x) = 12*x**2 - 13*x - 289. What is the tens digit of s(24)?
1
Let j = -10013 - -30652. What is the ten thousands digit of j?
2
Let q be ((-14)/(-8))/(-3*(-4)/(-240)). Let o be 2/(-7) + (-150)/q. Suppose 0 = -d - d - o*g + 6, -5*d + g = -70. What is the tens digit of d?
1
Let w(k) = k**3 - k**2 + 3*k - 6. Let z be w(5). Let x be 3*(-3)/(2 - -1) + 7. Suppose a - 4 = -3*a, -x*a + z = 3*i. What is the units digit of i?
5
Let b(d) = d**3 - 5*d**2 - 8*d + 7. Let h be b(6). Let v(m) = -m**2 - 2*m + 26. What is the tens digit of v(h)?
1
Let m(r) be the second derivative of -7*r**3 - 111*r**2/2 + 10*r. Let j(b) = 6*b + 16. Let l(g) = 15*j(g) + 2*m(g). What is the tens digit of l(11)?
8
Let o = 9797 + -6899. Suppose 0 = 15*g - g - o. What is the hundreds digit of g?
2
Let o = 115504 + -28466. What is the tens digit of o?
3
Let c be -2 + 4 + -2 - -2. Suppose 2*t + 2*j - 128 = 0, -3*t - c*j = -0*j - 194. What is the tens digit of t?
6
Suppose 10*w = 11*w - 4, -5*w - 11931 = -p. What is the thousands digit of p?
1
Suppose 8*o + 8682 = 8426. Suppose -5*p = -0*p + 35. Let q = p - o. What is the tens digit of q?
2
Suppose 5*q - 3141 = 4*f, -5*f = -3*q + 1812 + 83. Suppose -725 = -6*k + q. What is the hundreds digit of k?
2
Let f = 39639 - -12155. What is the tens digit of f?
9
Let r = -95268 - -145973. What is the units digit of r?
5
Suppose 3*x - 8263 = -4*o, 0 = 2*x + o + 3*o - 5506. What is the tens digit of x?
5
Let b = 2938 + 423. What is the units digit of b?
1
Let v be 6 - 0/((-6)/6). Suppose v*x + 640 = 3034. What is the tens digit of x?
9
What is the tens digit of (-10 - (26466 + -9))*(-4 - -5)*-1?
6
Let a be 0 + (2 + -4 - 1). Let x = -3005 + 2981. What is the tens digit of 135/8 + a/x?
1
Let r(t) = 29*t**2 - 571*t + 28. What is the thousands digit of r(-10)?
8
Suppose 5*g - 2*w = -0*g + 6298, -6302 = -5*g + 3*w. Let m = g - 371. What is the units digit of m?
7
Suppose -7*s + 170183 = -s + 13*s. What is the thousands digit of s?
8
Suppose -19*r + 257 = -47. Let t be 1*(9 - 2)*2. Suppose -r*u = -t*u - 82. What is the tens digit of u?
4
Suppose -2*z - 2*d = -40498, -6*z + d = -5*z - 20255. What is the hundreds digit of z?
2
Suppose 2*k = 4*y - 630, 72 - 1332 = 4*k - 4*y. Let i be (-2)/7 + 0 - 2295/k. Suppose v - 4 = -i, -4*v = -g + 62. What is the units digit of g?
0
Suppose 0 = 271*c - 71*c - 2262419 + 436019. What is the thousands digit of c?
9
Suppose 6*z - 8*z + 3*s = -226, 0 = -z + 2*s + 113. Let u = 1162 + z. What is the units digit of u?
5
Let q = 147 + -144. Suppose b + 601 = q*p, 0*p = 5*p + 2*b - 998. What is the hundreds digit of p?
2
Suppose -2*q = 5*d - 4*q - 243, 3*d - 161 = 5*q. Let c = d + -47. What is the hundreds digit of (2/2 - -172) + c?
1
Let h = -55 - -57. What is the units digit of (h - (-16)/(-10))*145*6?
8
Let m = 11942 - 6568. What is the units digit of m?
4
Suppose -17*n - 3*n = -3980. Suppose -267 - n = -4*r - y, 2*r - 240 = 3*y. What is the tens digit of r?
1
Suppose -4*a = -16, 73*a - 70*a - 18104 = -4*i. What is the tens digit of i?
2
Let u(n) = 20*n**3 + 4*n**2 - 25*n + 76. What is the units digit of u(6)?
0
Suppose 0 = 13*n - 9*n + 8. Let u(o) = -38*o**3 - o - 4. Let m be u(n). Let s = m - 50. What is the hundreds digit of s?
2
Let u = 19350 - 5454. What is the hundreds digit of u?
8
Suppose 647*l - 323*l - 90885 = 309*l. What is the tens digit of l?
5
Suppose 283309 = 27*n - 280137 - 166580. What is the ten thousands digit of n?
2
Suppose 0 = -h - 14*h + 14092 + 78398. What is the units digit of h?
6
Let i(p) be the third derivative of -2/3*p**3 + 1/10*p**6 + 0*p + 0 + 1/24*p**4 + 19*p**2 - 1/15*p**5. What is the tens digit of i(2)?
7
Suppose 0 = 2*c - z - 767, -c + 379 + 8 = 3*z. Suppose 7*j - 3*w - 1000 = 2*j, 2*j = -2*w + c. What is the hundreds digit of j?
1
Let a(l) = 153*l**2 - 159*l + 1248. What is the tens digit of a(8)?
6
Suppose 0 = 3*p + 4*x - 31067, p + 766*x = 765*x + 10354. What is the tens digit of p?
4
Suppose v + 2*b = -2119, -4223 = -76*v + 78*v - b. Let d = v - -3098. What is the units digit of d?
5
Suppose -3*q + 85 = -2*o, 0*o + 89 = 3*q - 4*o. Let r = 32 - q. Suppose 3*v = 2*s + 3*s - 784, -v = r*s - 772. What is the hundreds digit of s?
1
Let z be 0 - (4 + -9 - -3). Suppose 4*b + 0 + 1 = 3*d, 5*b + z*d - 16 = 0. Suppose 3*w - 3*q + 105 - 486 = 0, b*w + 2*q = 266. What is the tens digit of w?
3
Let u(j) = 2*j - 14. Let x be u(-8). Let s = x - -10. What is the units digit of -78*(s/6 + 3)?
6
Suppose 2*y = b + b - 6, 0 = -2*b + 10. What is the units digit of y + (-5)/((-30)/2838)?
5
Let d(m) = -15*m - 50 - 9*m + 11*m - 22*m. What is the hundreds digit of d(-7)?
1
Suppose 5*w + w + 48 = 0. Let j be (-3)/4 - 46/w. Suppose j*c - 175 = -4*r - 9, 2*c = -2*r + 68. What is the units digit of c?
0
Let v(f) = -4*f**3 + 4*f**2 + 68*f + 61. Let a(q) = -2*q**3 + 3*q**2 + 33*q + 30. Let r(h) = -5*a(h) + 2*v(h). What is the units digit of r(8)?
6
What is the thousands digit of 8 + 40/(-16)*74244/(-15)?
2
Let p(k) = -11 + 4 + 6 + 94*k + 27. What is the units digit of p(5)?
6
Let b(i) = 33904*i**2 + 2*i. What is the units digit of b(-1)?
2
Suppose 2*b - 358 = 522. Suppose -5*t + b + 580 = 0. What is the tens digit of t?
0
Let v be 0 + 2 - (12 - 9). Let h be ((-7)/21)/(2*v/(-12)). What is the hundreds digit of (h + -1*14)/(12/(-78))?
1
Suppose -3*q - 21 = h, q - 37 = 5*h + 20. Let f(z) = -9*z + 40. What is the units digit of f(h)?
8
Let u(t) = -t**3 + 63*t**2 + 339*t + 131. What is the tens digit of u(57)?
4
Suppose 3*l + 0*l = 816. Suppose 0 = -2*n + 240 + l. What is the units digit of n?
6
Let t = 8704 - 2617. What is the hundreds digit of t?
0
Suppose 4*b - 935 - 5257 = 0. Let a = b - 722. What is the hundreds digit of a?
8
Let x(u) = -20*u**2 + 6*u + 53. Let v be x(6). What is the tens digit of 4*(0 + 1) + (-9 - v)?
2
Suppose 2*t - d - 7 = t, 2 = -t - 2*d. Let x be (-10077)/81*-3 - t/18. Let v = -248 + x. What is the hundreds digit of v?
1
Let t(x) = 29*x**2 - 81*x + 605. What is the thousands digit of t(7)?
1
Let r(w) = 8*w + 100. Let a = -293 + 310. What is the hundreds digit of r(a)?
2
Let v be (-5)/(3 - (-4